{"id":302,"date":"2016-04-09T23:09:16","date_gmt":"2016-04-09T21:09:16","guid":{"rendered":"http:\/\/ikarus-mainz.de\/?page_id=302"},"modified":"2019-12-29T08:29:53","modified_gmt":"2019-12-29T07:29:53","slug":"eine-kleine-einleitung","status":"publish","type":"page","link":"https:\/\/ikarus-mainz.de\/?page_id=302","title":{"rendered":"Eine kleine Einleitung"},"content":{"rendered":"\n<div class=\"wp-block-image\"><figure class=\"alignright\"><a href=\"http:\/\/ikarus-mainz.de\/wp-content\/uploads\/2016\/04\/Daedalus_und_Ikarus_MK1888.png\" rel=\"attachment wp-att-303\"><img loading=\"lazy\" decoding=\"async\" width=\"231\" height=\"300\" src=\"http:\/\/ikarus-mainz.de\/wp-content\/uploads\/2016\/04\/Daedalus_und_Ikarus_MK1888-231x300.png\" alt=\"media commons PD-Lizenz\" class=\"wp-image-303\" srcset=\"https:\/\/ikarus-mainz.de\/wp-content\/uploads\/2016\/04\/Daedalus_und_Ikarus_MK1888-231x300.png 231w, https:\/\/ikarus-mainz.de\/wp-content\/uploads\/2016\/04\/Daedalus_und_Ikarus_MK1888-138x180.png 138w, https:\/\/ikarus-mainz.de\/wp-content\/uploads\/2016\/04\/Daedalus_und_Ikarus_MK1888.png 300w\" sizes=\"auto, (max-width: 231px) 100vw, 231px\" \/><\/a><\/figure><\/div>\n\n\n\n<p><a href=\"https:\/\/de.wikipedia.org\/wiki\/Ikarus\" target=\"_blank\" rel=\"noopener noreferrer\">Ikarus<\/a> (bekannt auch unter seinem latinisierten Namen Icarus, griechisch \u00cdkaros) war in der griechischen Mythologie der Sohn des D\u00e4dalus (griechisch: Daidalos; lateinisch: Daedalus).<br>Beide wurden als Strafe f\u00fcr den Ariadnefaden von K\u00f6nig Minos im Labyrinth des Minotauros auf Kreta gefangen gehalten. Da Minos die Seefahrt kontrollierte, erfand Daedalus Fl\u00fcgel f\u00fcr sich und seinen Sohn. Dazu befestigte er Federn mit Wachs an einem Gest\u00e4nge. Vor dem Start sch\u00e4rfte er Ikarus ein, nicht zu hoch und nicht zu tief zu fliegen, da sonst die Feuchte des Meeres beziehungsweise die Hitze der Sonne zum Absturz f\u00fchren w\u00fcrde. Zuerst ging alles gut, aber nachdem sie Samos und Delos zur Linken und Lebinthos zur Rechten passiert hatten, wurde Ikarus \u00fcberm\u00fctig und stieg so hoch hinauf, dass die Sonne das Wachs seiner Fl\u00fcgel schmolz, die Federn sich l\u00f6sten und er ins Meer st\u00fcrzte. Der verzweifelte Daedalus, der sicher in Sizilien ankam, benannte das Land Ikaria zur Erinnerung an sein Kind. Dort errichtete er einen Tempel f\u00fcr Apollon und h\u00e4ngte seine Fl\u00fcgel als Opfer f\u00fcr den Gott hinein. Der Ikarus-Mythos wird im Allgemeinen so gedeutet, dass der Absturz und Tod des \u00dcberm\u00fctigen die Strafe der G\u00f6tter f\u00fcr seinen unversch\u00e4mten Griff nach der Sonne ist. Aus Ovids Darstellung geht hervor, dass die G\u00f6tter ihn aus Rache an Daedalus sterben lie\u00dfen, weil der Vater von Ikarus den Sohn seines Bruders in Folge eines Streites ermordet hatte.<\/p>\n\n\n\n<p><strong>P.S. Von wachsweichen Fl\u00fcgeln sind wir weit entfernt!<\/strong><\/p>\n\n\n\n<p class=\"has-small-font-size\"><a href=\"https:\/\/ikarus-mainz.de\/?page_id=296\">\u00fcber die Anf\u00e4nge &#8230;<\/a><\/p>\n","protected":false},"excerpt":{"rendered":"<p>Ikarus (bekannt auch unter seinem latinisierten Namen Icarus, griechisch \u00cdkaros) war in der griechischen Mythologie der Sohn des D\u00e4dalus (griechisch: Daidalos; lateinisch: Daedalus).Beide wurden als Strafe f\u00fcr den Ariadnefaden von K\u00f6nig Minos im Labyrinth des Minotauros auf Kreta gefangen gehalten. Da Minos die Seefahrt kontrollierte, erfand Daedalus Fl\u00fcgel f\u00fcr sich und seinen Sohn. Dazu befestigte&hellip;<\/p>\n","protected":false},"author":1,"featured_media":0,"parent":0,"menu_order":0,"comment_status":"closed","ping_status":"closed","template":"","meta":{"footnotes":""},"class_list":["post-302","page","type-page","status-publish","hentry","empty-entry-meta"],"publishpress_future_action":{"enabled":false,"date":"2026-04-25 16:40:02","action":"change-status","newStatus":"draft","terms":[],"taxonomy":"","extraData":[]},"publishpress_future_workflow_manual_trigger":{"enabledWorkflows":[]},"_links":{"self":[{"href":"https:\/\/ikarus-mainz.de\/index.php?rest_route=\/wp\/v2\/pages\/302","targetHints":{"allow":["GET"]}}],"collection":[{"href":"https:\/\/ikarus-mainz.de\/index.php?rest_route=\/wp\/v2\/pages"}],"about":[{"href":"https:\/\/ikarus-mainz.de\/index.php?rest_route=\/wp\/v2\/types\/page"}],"author":[{"embeddable":true,"href":"https:\/\/ikarus-mainz.de\/index.php?rest_route=\/wp\/v2\/users\/1"}],"replies":[{"embeddable":true,"href":"https:\/\/ikarus-mainz.de\/index.php?rest_route=%2Fwp%2Fv2%2Fcomments&post=302"}],"version-history":[{"count":2,"href":"https:\/\/ikarus-mainz.de\/index.php?rest_route=\/wp\/v2\/pages\/302\/revisions"}],"predecessor-version":[{"id":1371,"href":"https:\/\/ikarus-mainz.de\/index.php?rest_route=\/wp\/v2\/pages\/302\/revisions\/1371"}],"wp:attachment":[{"href":"https:\/\/ikarus-mainz.de\/index.php?rest_route=%2Fwp%2Fv2%2Fmedia&parent=302"}],"curies":[{"name":"wp","href":"https:\/\/api.w.org\/{rel}","templated":true}]}}